{"id":1365,"date":"2026-04-16T13:48:43","date_gmt":"2026-04-16T11:48:43","guid":{"rendered":"https:\/\/jonas-b.no\/kongsberg\/?page_id=1365"},"modified":"2026-04-16T14:40:17","modified_gmt":"2026-04-16T12:40:17","slug":"grillmat","status":"publish","type":"page","link":"https:\/\/jonas-b.no\/kongsberg\/grillmat\/","title":{"rendered":"Grillmat"},"content":{"rendered":"<section class=\"wpb-content-wrapper\"><p>[vc_section][vc_row][vc_column][vc_custom_heading text=&raquo;Grillmat&raquo; font_container=&raquo;tag:h1|text_align:center&raquo; use_theme_fonts=&raquo;yes&raquo;][\/vc_column][\/vc_row][vc_row css=&raquo;.vc_custom_1569860841128{margin-right: 0px !important;margin-bottom: 0px !important;margin-left: 0px !important;padding-top: 0px !important;padding-right: 0px !important;padding-bottom: 0px !important;padding-left: 0px !important;}&raquo;][vc_column][vc_single_image image=&raquo;1364&#8243; img_size=&raquo;full&raquo; alignment=&raquo;center&raquo; css=&raquo;.vc_custom_1776340106935{border-bottom-width: 0px !important;padding-bottom: 0px !important;}&raquo;][vc_column_text css=&raquo;.vc_custom_1776340177284{padding-top: 35px !important;padding-right: 35px !important;padding-bottom: 35px !important;padding-left: 35px !important;background-color: #ffffff !important;}&raquo;]<\/p>\n<h3 style=\"text-align: left\"><span style=\"font-size: 24pt\">Meny<\/span><\/h3>\n<h4><strong>Stor BBQ Meny<\/strong><\/h4>\n<ul>\n<li>Svinenakke pulled pork<\/li>\n<li>Gode p\u00f8lser fra Metervare<\/li>\n<li>Mac n&#8217;Cheese<\/li>\n<li>Bakte poteter med ost og kryddersm\u00f8r<\/li>\n<li>Grillede maiskolber toppet med r\u00f8kt paprika, mayo og fetaost<\/li>\n<li>Tomatsalat<\/li>\n<li>Gr\u00f8nn salat<\/li>\n<li>Coleslaw<\/li>\n<li>Sauser og dressinger<\/li>\n<\/ul>\n<p>450,- pr. pers.<\/p>\n<p>\u00d8nsker du v\u00e5r nydelige langtidsgrillede Brisket i tillegg? 150,- pr. pers. i tillegg.[\/vc_column_text][vc_column_text css=&raquo;.vc_custom_1776339557685{padding-top: 35px !important;padding-right: 35px !important;padding-bottom: 35px !important;padding-left: 35px !important;background-color: #ffffff !important;}&raquo;]<\/p>\n<h4><strong>P\u00f8lsekasse<\/strong><\/h4>\n<p>Grill selv! Vi ordner alt klart med p\u00f8lser og godt tilbeh\u00f8r, det eneste du trenger \u00e5 gj\u00f8re er \u00e5 grille p\u00f8lsene.<\/p>\n<p>Inkludert i pakken er:<\/p>\n<ul>\n<li>Tre forskjellig gode p\u00f8lser fra Metervare. (tre p\u00f8lser per person)<\/li>\n<li>Gode br\u00f8d og lomper<\/li>\n<li>Husets potetsalat<\/li>\n<li>Coleslaw<\/li>\n<li>Syltet r\u00f8dl\u00f8k<\/li>\n<li>Tomatsalat<\/li>\n<li>Sauser og dressinger<\/li>\n<\/ul>\n<p>350,- pr. pers.[\/vc_column_text][vc_column_text css=&raquo;.vc_custom_1776340206784{padding-top: 35px !important;padding-right: 35px !important;padding-bottom: 35px !important;padding-left: 35px !important;background-color: #ffffff !important;}&raquo;]<\/p>\n<h3 style=\"text-align: left\">Kontakt oss for bestilling.<\/h3>\n<p style=\"text-align: left\">Telefon: <a href=\"tel:32728800\">32 72 88 00<\/a><br \/>\nE-post: <a href=\"mailto:kongsberg@jonas-b.no\">kongsberg@jonas-b.no<\/a><\/p>\n<p>[\/vc_column_text][vc_single_image image=&raquo;1390&#8243; img_size=&raquo;full&raquo; alignment=&raquo;center&raquo;][\/vc_column][\/vc_row][vc_row][vc_column][\/vc_column][\/vc_row][\/vc_section]<\/p>\n<\/section>","protected":false},"excerpt":{"rendered":"<p>[vc_section][vc_row][vc_column][vc_custom_heading text=&raquo;Grillmat&raquo; font_container=&raquo;tag:h1|text_align:center&raquo; use_theme_fonts=&raquo;yes&raquo;][\/vc_column][\/vc_row][vc_row css=&raquo;.vc_custom_1569860841128{margin-right: 0px !important;margin-bottom: 0px !important;margin-left: 0px !important;padding-top: 0px !important;padding-right: 0px !important;padding-bottom: 0px !important;padding-left: 0px !important;}&raquo;][vc_column][vc_single_image image=&raquo;1364&#8243; img_size=&raquo;full&raquo; alignment=&raquo;center&raquo; css=&raquo;.vc_custom_1776340106935{border-bottom-width: 0px !important;padding-bottom: 0px<span class=\"excerpt-hellip\"> [\u2026]<\/span><\/p>\n","protected":false},"author":5,"featured_media":0,"parent":0,"menu_order":0,"comment_status":"closed","ping_status":"closed","template":"","meta":{"footnotes":""},"_links":{"self":[{"href":"https:\/\/jonas-b.no\/kongsberg\/wp-json\/wp\/v2\/pages\/1365"}],"collection":[{"href":"https:\/\/jonas-b.no\/kongsberg\/wp-json\/wp\/v2\/pages"}],"about":[{"href":"https:\/\/jonas-b.no\/kongsberg\/wp-json\/wp\/v2\/types\/page"}],"author":[{"embeddable":true,"href":"https:\/\/jonas-b.no\/kongsberg\/wp-json\/wp\/v2\/users\/5"}],"replies":[{"embeddable":true,"href":"https:\/\/jonas-b.no\/kongsberg\/wp-json\/wp\/v2\/comments?post=1365"}],"version-history":[{"count":7,"href":"https:\/\/jonas-b.no\/kongsberg\/wp-json\/wp\/v2\/pages\/1365\/revisions"}],"predecessor-version":[{"id":1389,"href":"https:\/\/jonas-b.no\/kongsberg\/wp-json\/wp\/v2\/pages\/1365\/revisions\/1389"}],"wp:attachment":[{"href":"https:\/\/jonas-b.no\/kongsberg\/wp-json\/wp\/v2\/media?parent=1365"}],"curies":[{"name":"wp","href":"https:\/\/api.w.org\/{rel}","templated":true}]}}