{"id":1213,"date":"2024-04-24T12:08:02","date_gmt":"2024-04-24T10:08:02","guid":{"rendered":"https:\/\/jonas-b.no\/kongsberg\/?page_id=1213"},"modified":"2025-05-23T10:39:25","modified_gmt":"2025-05-23T08:39:25","slug":"selskapsmenyer","status":"publish","type":"page","link":"https:\/\/jonas-b.no\/kongsberg\/selskapsmenyer\/","title":{"rendered":"Selskapsmenyer"},"content":{"rendered":"<section class=\"wpb-content-wrapper\"><p>[vc_section][vc_row][vc_column][vc_custom_heading text=&raquo;Menyer for grupper og selskaper&raquo; font_container=&raquo;tag:h1|text_align:center&raquo; use_theme_fonts=&raquo;yes&raquo;][\/vc_column][\/vc_row][vc_row css=&raquo;.vc_custom_1569860908869{margin-right: 0px !important;margin-bottom: 0px !important;margin-left: 0px !important;padding-top: 0px !important;padding-right: 0px !important;padding-bottom: 0px !important;padding-left: 0px !important;}&raquo;][vc_column][vc_column_text css=&raquo;.vc_custom_1747989563228{padding-top: 35px !important;padding-right: 35px !important;padding-bottom: 35px !important;padding-left: 35px !important;background-color: #ffffff !important;}&raquo;]<\/p>\n<p style=\"text-align: center\"><span style=\"font-size: 12pt;color: #000000\">Alle grupper p\u00e5 10 personer + m\u00e5 forh\u00e5ndsbestille meny.<\/span><\/p>\n<p style=\"text-align: center\"><span style=\"font-size: 12pt;color: #000000\">Menyvalg m\u00e5 bekreftes to dager f\u00f8r \u2013 selskapet blir belastet for antall bestilte menyer dersom det ikke avbestilles innen kl 12:00 samme virkedag.<\/span><\/p>\n<p style=\"text-align: center\"><span style=\"font-size: 12pt;color: #000000\">Gi beskjed ved evt allergier slik at vi kan tilpasse menyen.\u00a0<\/span><\/p>\n<p style=\"text-align: center\"><span style=\"font-size: 12pt;color: #000000\">Ved faktura trenger vi org.nr. \u2013 vi sender kun faktura innenlands.<\/span><\/p>\n<p style=\"text-align: center\"><span style=\"font-size: 12pt;color: #000000\">All parties of 10 or more guests, must pre-order from our group menus. Please notify of any dietary requirements\/allergies etc, so we can accommodate this upon prior request. Both menu and the number of guests must be confirmed within 12:00 pm of the day of arrival\/booking \u2013 otherwise the party will be charged for the original preordered amount of menus. Invoicing only within Norway.<\/span><\/p>\n<p>&nbsp;<\/p>\n<p style=\"text-align: center\">Se v\u00e5r meny her:<\/p>\n<h3 style=\"text-align: center\"><span style=\"text-decoration: underline\"><a href=\"https:\/\/jonas-b.no\/kongsberg\/wp-content\/uploads\/sites\/5\/2025\/05\/Selskapsmeny-Mai-25.pdf\">Selskapsmeny V\u00e5r 2025<\/a><\/span><\/h3>\n<p>[\/vc_column_text][\/vc_column][\/vc_row][\/vc_section][vc_row][vc_column][vc_images_carousel images=&raquo;53,1237,1236,1077&#8243; slides_per_view=&raquo;3&#8243; autoplay=&raquo;yes&raquo; wrap=&raquo;yes&raquo;][\/vc_column][\/vc_row]<\/p>\n<\/section>","protected":false},"excerpt":{"rendered":"<p>[vc_section][vc_row][vc_column][vc_custom_heading text=&raquo;Menyer for grupper og selskaper&raquo; font_container=&raquo;tag:h1|text_align:center&raquo; use_theme_fonts=&raquo;yes&raquo;][\/vc_column][\/vc_row][vc_row css=&raquo;.vc_custom_1569860908869{margin-right: 0px !important;margin-bottom: 0px !important;margin-left: 0px !important;padding-top: 0px !important;padding-right: 0px !important;padding-bottom: 0px !important;padding-left: 0px !important;}&raquo;][vc_column][vc_column_text css=&raquo;.vc_custom_1747989563228{padding-top: 35px !important;padding-right:<span class=\"excerpt-hellip\"> [\u2026]<\/span><\/p>\n","protected":false},"author":5,"featured_media":0,"parent":0,"menu_order":0,"comment_status":"closed","ping_status":"closed","template":"","meta":{"footnotes":""},"_links":{"self":[{"href":"https:\/\/jonas-b.no\/kongsberg\/wp-json\/wp\/v2\/pages\/1213"}],"collection":[{"href":"https:\/\/jonas-b.no\/kongsberg\/wp-json\/wp\/v2\/pages"}],"about":[{"href":"https:\/\/jonas-b.no\/kongsberg\/wp-json\/wp\/v2\/types\/page"}],"author":[{"embeddable":true,"href":"https:\/\/jonas-b.no\/kongsberg\/wp-json\/wp\/v2\/users\/5"}],"replies":[{"embeddable":true,"href":"https:\/\/jonas-b.no\/kongsberg\/wp-json\/wp\/v2\/comments?post=1213"}],"version-history":[{"count":23,"href":"https:\/\/jonas-b.no\/kongsberg\/wp-json\/wp\/v2\/pages\/1213\/revisions"}],"predecessor-version":[{"id":1307,"href":"https:\/\/jonas-b.no\/kongsberg\/wp-json\/wp\/v2\/pages\/1213\/revisions\/1307"}],"wp:attachment":[{"href":"https:\/\/jonas-b.no\/kongsberg\/wp-json\/wp\/v2\/media?parent=1213"}],"curies":[{"name":"wp","href":"https:\/\/api.w.org\/{rel}","templated":true}]}}