{"id":86,"date":"2019-09-16T07:58:43","date_gmt":"2019-09-16T05:58:43","guid":{"rendered":"https:\/\/jonas.identy.no\/klepp\/?page_id=86"},"modified":"2020-04-22T14:36:55","modified_gmt":"2020-04-22T12:36:55","slug":"om-jonas-b","status":"publish","type":"page","link":"https:\/\/jonas-b.no\/klepp\/om-jonas-b\/","title":{"rendered":"Om Jonas B"},"content":{"rendered":"<section class=\"wpb-content-wrapper\"><p>[vc_row][vc_column css=&raquo;.vc_custom_1586333103885{padding-top: 15px !important;padding-bottom: 10px !important;}&raquo;][vc_custom_heading text=&raquo;Velkommen til Jonas B. Klepp&raquo; font_container=&raquo;tag:h1|text_align:center&raquo; use_theme_fonts=&raquo;yes&raquo; css=&raquo;.vc_custom_1586333051936{padding-top: 10px !important;}&raquo;][\/vc_column][\/vc_row][vc_row css=&raquo;.vc_custom_1569860908869{margin-right: 0px !important;margin-bottom: 0px !important;margin-left: 0px !important;padding-top: 0px !important;padding-right: 0px !important;padding-bottom: 0px !important;padding-left: 0px !important;}&raquo;][vc_column][vc_single_image image=&raquo;791&#8243; img_size=&raquo;large&raquo; alignment=&raquo;center&raquo; css=&raquo;.vc_custom_1587558902753{border-bottom-width: 0px !important;padding-bottom: 0px !important;}&raquo;][vc_column_text css=&raquo;.vc_custom_1586331527640{padding-top: 35px !important;padding-right: 35px !important;padding-bottom: 35px !important;padding-left: 35px !important;background-color: #ffffff !important;}&raquo;]<\/p>\n<h2 style=\"text-align: center\">Om Jonas B. Klepp<\/h2>\n<p>Restauranten Jonas B. p\u00e5 Klepp finner du i J\u00e6rhagen Kj\u00f8pesenter ved samme inngang som Posten\/Skyline trampolinepark.<\/p>\n<p>Hvis dere ikke helt har bestemt dere \u2013 italiensk eller amerikansk p\u00e5 menyen, da ligger l\u00f8sningen hos oss. Hos Jonas B. f\u00e5r du det beste fra to verdener \u2013 pizza og pasta, men ogs\u00e5 mange andre spennende retter du kanskje ikke tenker p\u00e5 f\u00f8r du f\u00e5r dem presentert i menyen.<\/p>\n<p>Jonas B. er mye mer enn bare god mat og drikke.\u00a0Vel innenfor d\u00f8rene vil du oppleve musikk og interi\u00f8r fra et lite stykke utland. Og apropos musikk \u2013 n\u00e5r vi en sjelden gang skrur av musikken er det bare fordi andre st\u00e5r klare til \u00e5 overta. Live fra scenen med gode lokale musikere eller andre dyktige musikere utenfra v\u00e5rt distrikt.<\/p>\n<p>Vi \u00f8nsker at Jonas B. skal v\u00e6re det foretrukne samlingspunktet i Klepp. Med god mat og drikke, glade servit\u00f8rer, helt spesielle lokaler \u2013 til og med et eget selskapslokale p\u00e5 loftet, Jonasloftet, som kan f\u00e5 et hvilket som helst arrangement til \u00e5 bli en minnerik opplevelse.<\/p>\n<p>Velkommen til oss p\u00e5 J\u00e6rhagen![\/vc_column_text][vc_single_image image=&raquo;792&#8243; img_size=&raquo;large&raquo; alignment=&raquo;center&raquo; css=&raquo;.vc_custom_1587558987786{border-bottom-width: 0px !important;padding-bottom: 0px !important;}&raquo;][\/vc_column][\/vc_row]<\/p>\n<\/section>","protected":false},"excerpt":{"rendered":"<p>[vc_row][vc_column css=&raquo;.vc_custom_1586333103885{padding-top: 15px !important;padding-bottom: 10px !important;}&raquo;][vc_custom_heading text=&raquo;Velkommen til Jonas B. Klepp&raquo; font_container=&raquo;tag:h1|text_align:center&raquo; use_theme_fonts=&raquo;yes&raquo; css=&raquo;.vc_custom_1586333051936{padding-top: 10px !important;}&raquo;][\/vc_column][\/vc_row][vc_row css=&raquo;.vc_custom_1569860908869{margin-right: 0px !important;margin-bottom: 0px !important;margin-left: 0px !important;padding-top: 0px !important;padding-right: 0px<span class=\"excerpt-hellip\"> [\u2026]<\/span><\/p>\n","protected":false},"author":1,"featured_media":0,"parent":0,"menu_order":0,"comment_status":"closed","ping_status":"closed","template":"","meta":{"footnotes":""},"_links":{"self":[{"href":"https:\/\/jonas-b.no\/klepp\/wp-json\/wp\/v2\/pages\/86"}],"collection":[{"href":"https:\/\/jonas-b.no\/klepp\/wp-json\/wp\/v2\/pages"}],"about":[{"href":"https:\/\/jonas-b.no\/klepp\/wp-json\/wp\/v2\/types\/page"}],"author":[{"embeddable":true,"href":"https:\/\/jonas-b.no\/klepp\/wp-json\/wp\/v2\/users\/1"}],"replies":[{"embeddable":true,"href":"https:\/\/jonas-b.no\/klepp\/wp-json\/wp\/v2\/comments?post=86"}],"version-history":[{"count":26,"href":"https:\/\/jonas-b.no\/klepp\/wp-json\/wp\/v2\/pages\/86\/revisions"}],"predecessor-version":[{"id":793,"href":"https:\/\/jonas-b.no\/klepp\/wp-json\/wp\/v2\/pages\/86\/revisions\/793"}],"wp:attachment":[{"href":"https:\/\/jonas-b.no\/klepp\/wp-json\/wp\/v2\/media?parent=86"}],"curies":[{"name":"wp","href":"https:\/\/api.w.org\/{rel}","templated":true}]}}