{"id":484,"date":"2019-09-30T12:43:41","date_gmt":"2019-09-30T10:43:41","guid":{"rendered":"https:\/\/jonas.identy.no\/kristiansand\/?page_id=484"},"modified":"2024-09-18T10:17:40","modified_gmt":"2024-09-18T08:17:40","slug":"jul","status":"publish","type":"page","link":"https:\/\/jonas-b.no\/algard\/jul\/","title":{"rendered":"Jul p\u00e5 Jonas"},"content":{"rendered":"<section class=\"wpb-content-wrapper\"><p>[vc_row css=&raquo;.vc_custom_1569421386232{margin-top: 35px !important;margin-bottom: 20px !important;}&raquo;][vc_column][vc_custom_heading text=&raquo;Snart er julen her!&raquo; font_container=&raquo;tag:h1|text_align:center&raquo; use_theme_fonts=&raquo;yes&raquo;][\/vc_column][\/vc_row][vc_row disable_element=&raquo;yes&raquo; css=&raquo;.vc_custom_1726574657467{margin-right: 0px !important;margin-bottom: 35px !important;margin-left: 0px !important;padding-top: 0px !important;padding-right: 0px !important;padding-bottom: 0px !important;padding-left: 0px !important;}&raquo;][vc_column][vc_column_text css=&raquo;.vc_custom_1725350761827{padding-top: 35px !important;padding-right: 35px !important;padding-bottom: 35px !important;padding-left: 35px !important;background-color: #ffffff !important;}&raquo;]<\/p>\n<h3 style=\"text-align: center\">Julemenypakkene er rett rundt hj\u00f8rnet!<\/h3>\n<p style=\"text-align: center\">Joda, vi vet \u2013 det er lenge til jul \u2013 men ikke hos oss. Fra 14. november er bordene pyntet og dekket til b\u00e5de julebord og juletreff. Fristende \u00b4julepakker\u00b4er rett rundt hj\u00f8rnet!. Velg gjerne fra v\u00e5r alltid popul\u00e6re Italian Diner meny, som ogs\u00e5 har rike innslag av jul, om det passer bedre. Hos oss er alle julebord velkomne enten dere er to \u2013 eller mange!<\/p>\n<p style=\"text-align: center\">Det er uansett smart \u00e5 bestille n\u00e5 \u2013 Da er du sikret!<\/p>\n<p style=\"text-align: center\"><a href=\"https:\/\/jonas-b.no\/algard\/bestill-bord\/\">bestille bord<\/a>.<\/p>\n<p>[\/vc_column_text][\/vc_column][\/vc_row][vc_row][vc_column][vc_single_image image=&raquo;2243&#8243; img_size=&raquo;large&raquo; alignment=&raquo;center&raquo; onclick=&raquo;custom_link&raquo; link=&raquo;https:\/\/jonas-b.no\/algard\/wp-content\/uploads\/sites\/9\/2024\/09\/plakat_algard_Julebordspakker_A3_170924.pdf&raquo;][\/vc_column][\/vc_row][vc_row disable_element=&raquo;yes&raquo; css=&raquo;.vc_custom_1726574554209{margin-right: 0px !important;margin-bottom: 35px !important;margin-left: 0px !important;padding-top: 0px !important;padding-right: 0px !important;padding-bottom: 0px !important;padding-left: 0px !important;}&raquo;][vc_column][vc_column_text css=&raquo;.vc_custom_1695819439726{padding-top: 35px !important;padding-right: 35px !important;padding-bottom: 35px !important;padding-left: 35px !important;background-color: #ffffff !important;}&raquo;]<\/p>\n<h3 style=\"text-align: center\">Julebuffet Hos Jonas B. \u00c5lg\u00e5rd<\/h3>\n<p style=\"text-align: center\">Fra 16 november er bordene pyntet og dekket til b\u00e5de julebord og juletreff. For selskap over 15 personer tilbyr vi fire fristende \u00b4julepakker, og garanterer den rette stemningen.Velg gjerne mellom \u00e9n av menyene eller kombiner de ulike, om det passer bedre. Hos oss er alle julebord velkomne! Det er uansett smart \u00e5 bestille n\u00e5 \u2013 da er du sikret!<\/p>\n<p style=\"text-align: center\"><a href=\"https:\/\/jonas-b.no\/algard\/bestill-bord\/\">bestille bord<\/a>.<\/p>\n<p>[\/vc_column_text][\/vc_column][\/vc_row][vc_row][vc_column][vc_single_image image=&raquo;2244&#8243; img_size=&raquo;large&raquo; alignment=&raquo;center&raquo; onclick=&raquo;custom_link&raquo; link=&raquo;https:\/\/jonas-b.no\/algard\/wp-content\/uploads\/sites\/9\/2024\/09\/plakat_Julebuffetspakker_A3_170924.pdf&raquo;][\/vc_column][\/vc_row][vc_row][vc_column][vc_images_carousel images=&raquo;1663,1666,1667,1668,1669&#8243; onclick=&raquo;link_no&raquo; slides_per_view=&raquo;3&#8243; wrap=&raquo;yes&raquo;][\/vc_column][\/vc_row]<\/p>\n<\/section>","protected":false},"excerpt":{"rendered":"<p>[vc_row css=&raquo;.vc_custom_1569421386232{margin-top: 35px !important;margin-bottom: 20px !important;}&raquo;][vc_column][vc_custom_heading text=&raquo;Snart er julen her!&raquo; font_container=&raquo;tag:h1|text_align:center&raquo; use_theme_fonts=&raquo;yes&raquo;][\/vc_column][\/vc_row][vc_row disable_element=&raquo;yes&raquo; css=&raquo;.vc_custom_1726574657467{margin-right: 0px !important;margin-bottom: 35px !important;margin-left: 0px !important;padding-top: 0px !important;padding-right: 0px !important;padding-bottom: 0px !important;padding-left:<span class=\"excerpt-hellip\"> [\u2026]<\/span><\/p>\n","protected":false},"author":1,"featured_media":0,"parent":0,"menu_order":0,"comment_status":"closed","ping_status":"closed","template":"","meta":{"footnotes":""},"_links":{"self":[{"href":"https:\/\/jonas-b.no\/algard\/wp-json\/wp\/v2\/pages\/484"}],"collection":[{"href":"https:\/\/jonas-b.no\/algard\/wp-json\/wp\/v2\/pages"}],"about":[{"href":"https:\/\/jonas-b.no\/algard\/wp-json\/wp\/v2\/types\/page"}],"author":[{"embeddable":true,"href":"https:\/\/jonas-b.no\/algard\/wp-json\/wp\/v2\/users\/1"}],"replies":[{"embeddable":true,"href":"https:\/\/jonas-b.no\/algard\/wp-json\/wp\/v2\/comments?post=484"}],"version-history":[{"count":28,"href":"https:\/\/jonas-b.no\/algard\/wp-json\/wp\/v2\/pages\/484\/revisions"}],"predecessor-version":[{"id":2245,"href":"https:\/\/jonas-b.no\/algard\/wp-json\/wp\/v2\/pages\/484\/revisions\/2245"}],"wp:attachment":[{"href":"https:\/\/jonas-b.no\/algard\/wp-json\/wp\/v2\/media?parent=484"}],"curies":[{"name":"wp","href":"https:\/\/api.w.org\/{rel}","templated":true}]}}