{"id":108,"date":"2019-09-16T12:03:51","date_gmt":"2019-09-16T10:03:51","guid":{"rendered":"https:\/\/jonas.identy.no\/kristiansand\/?page_id=108"},"modified":"2025-06-04T11:07:53","modified_gmt":"2025-06-04T09:07:53","slug":"bestill-bord","status":"publish","type":"page","link":"https:\/\/jonas-b.no\/algard\/bestill-bord\/","title":{"rendered":"Bestill bord"},"content":{"rendered":"<section class=\"wpb-content-wrapper\"><p>[vc_section css=&raquo;.vc_custom_1561483648914{margin-bottom: 0px !important;}&raquo;][vc_row][vc_column][vc_custom_heading text=&raquo;Bestill bord p\u00e5 \u00c5lg\u00e5rd&raquo; font_container=&raquo;tag:h1|text_align:center&raquo; use_theme_fonts=&raquo;yes&raquo;][\/vc_column][\/vc_row][vc_row gap=&raquo;35&#8243; equal_height=&raquo;yes&raquo; css=&raquo;.vc_custom_1569860783278{margin-right: 0px !important;margin-bottom: 0px !important;margin-left: 0px !important;padding-top: 0px !important;padding-right: 0px !important;padding-bottom: 0px !important;padding-left: 0px !important;}&raquo;][vc_column width=&raquo;2\/3&#8243; css=&raquo;.vc_custom_1569844202907{margin-bottom: 0px !important;padding-top: 0px !important;padding-right: 0px !important;padding-bottom: 0px !important;padding-left: 0px !important;background-color: #ffffff !important;}&raquo;][vc_raw_html]JTNDc2NyaXB0JTIwdHlwZSUzRCUyMnRleHQlMkZqYXZhc2NyaXB0JTIyJTIwc3JjJTNEJTIyaHR0cHMlM0ElMkYlMkZib29raW5nLnJlc2RpYXJ5LmNvbSUyRmJ1bmRsZXMlMkZqcXVlcnkuanMlMjIlM0UlM0MlMkZzY3JpcHQlM0UlMEElMEElM0NkaXYlMjBpZCUzRCUyMnJkLXdpZGdldC1mcmFtZSUyMiUyMHN0eWxlJTNEJTIybWF4LXdpZHRoJTNBJTIwNjAwcHglM0IlMjBtYXJnaW4lM0ElMjBhdXRvJTNCJTIyJTNFJTNDJTJGZGl2JTNFJTBBJTBBJTNDaW5wdXQlMjBpZCUzRCUyMnJkd2lkZ2V0dXJsJTIyJTIwbmFtZSUzRCUyMnJkd2lkZ2V0dXJsJTIyJTIwdmFsdWUlM0QlMjJodHRwcyUzQSUyRiUyRmJvb2tpbmcucmVzZGlhcnkuY29tJTJGd2lkZ2V0JTJGU3RhbmRhcmQlMkZKb25hc0JBbGdhcmQlMkYzOTg0OCUzRmluY2x1ZGVKcXVlcnklM0RmYWxzZSUyMiUyMHR5cGUlM0QlMjJoaWRkZW4lMjIlM0UlMEElM0NzY3JpcHQlMjB0eXBlJTNEJTIydGV4dCUyRmphdmFzY3JpcHQlMjIlMjBzcmMlM0QlMjJodHRwcyUzQSUyRiUyRmJvb2tpbmcucmVzZGlhcnkuY29tJTJGYnVuZGxlcyUyRldpZGdldFYyTG9hZGVyLmpzJTIyJTNFJTNDJTJGc2NyaXB0JTNF[\/vc_raw_html][\/vc_column][vc_column width=&raquo;1\/3&#8243; css=&raquo;.vc_custom_1569844560360{margin-bottom: 0px !important;padding-top: 35px !important;padding-right: 35px !important;padding-bottom: 35px !important;padding-left: 35px !important;background-color: #ffffff !important;}&raquo;][vc_custom_heading text=&raquo;Bestill bord&raquo; font_container=&raquo;tag:h3|text_align:left&raquo; use_theme_fonts=&raquo;yes&raquo;][vc_column_text]Bordbestilling er midlertidig stengt.<\/p>\n<p>[\/vc_column_text][vc_custom_heading text=&raquo;Hovedmeny&raquo; font_container=&raquo;tag:h3|text_align:left&raquo; use_theme_fonts=&raquo;yes&raquo;][vc_column_text]Vi er nok mest kjent for \u00e5 servere ekte italiensk pizza, men har i tillegg b\u00e5de pasta, burger, fiskeretter og salater p\u00e5 menyen. Hovedmenyen serveres i hele \u00e5pningstiden v\u00e5r.<\/p>\n<p>[\/vc_column_text][\/vc_column][\/vc_row][vc_row gap=&raquo;35&#8243; equal_height=&raquo;yes&raquo; disable_element=&raquo;yes&raquo; css=&raquo;.vc_custom_1670935638582{margin-right: 0px !important;margin-bottom: 0px !important;margin-left: 0px !important;padding-top: 0px !important;padding-right: 0px !important;padding-bottom: 0px !important;padding-left: 0px !important;}&raquo;][vc_column width=&raquo;1\/3&#8243; css=&raquo;.vc_custom_1569844786657{margin-bottom: 0px !important;padding-top: 35px !important;padding-right: 35px !important;padding-bottom: 35px !important;padding-left: 35px !important;background-color: #889e9e !important;}&raquo;][vc_column_text]<\/p>\n<h4>Gratis m\u00f8terom<\/h4>\n<p>P\u00e5 Jonas B. kan du leie et flott m\u00f8terom i forbindelse med lunsjen din hos oss \u2013 helt uten kostnad! Trenger du en liten samling, et arbeidsm\u00f8te, kurs eller \u00e5 benytte et rom for presentasjoner? V\u00e5rt m\u00f8terom tar opptil 10 personer.[\/vc_column_text][vc_btn title=&raquo;LES MER&raquo; style=&raquo;outline-custom&raquo; outline_custom_color=&raquo;#666666&#8243; outline_custom_hover_background=&raquo;#666666&#8243; outline_custom_hover_text=&raquo;#ffffff&raquo; shape=&raquo;square&raquo; align=&raquo;center&raquo; link=&raquo;url:https%3A%2F%2Fjonas-b.no%2Fkristiansand%2Fgratis-moterom%2F|title:Gratis%20m%C3%B8terom||&raquo;][\/vc_column][vc_column width=&raquo;1\/3&#8243; css=&raquo;.vc_custom_1569844869162{margin-bottom: 0px !important;padding-top: 35px !important;padding-right: 35px !important;padding-bottom: 35px !important;padding-left: 35px !important;background-color: #889e9e !important;}&raquo;][vc_column_text]<\/p>\n<h4 class=\"text__heading\">Studentpizza<\/h4>\n<p>Hver torsdag f\u00e5r studenter utvalgte pizza for kun kr 100,-<\/p>\n<p>Ta lunsjen hos oss sammen med kollokviegruppen eller start kveldens festligheter her hos oss.[\/vc_column_text][vc_btn title=&raquo;LES MER&raquo; style=&raquo;outline-custom&raquo; outline_custom_color=&raquo;#666666&#8243; outline_custom_hover_background=&raquo;#666666&#8243; outline_custom_hover_text=&raquo;#ffffff&raquo; shape=&raquo;square&raquo; align=&raquo;center&raquo; link=&raquo;url:https%3A%2F%2Fjonas-b.no%2Fkristiansand%2Fom-jonas-b%23studentpizza|title:Gratis%20m%C3%B8terom||&raquo;][\/vc_column][vc_column width=&raquo;1\/3&#8243; css=&raquo;.vc_custom_1569844894760{padding-top: 35px !important;padding-right: 35px !important;padding-bottom: 35px !important;padding-left: 35px !important;background-color: #889e9e !important;}&raquo;][vc_column_text]<\/p>\n<h4 class=\"text__heading\">After Work<\/h4>\n<p>Bedrift eller en gjeng kollegaer?<br \/>\nLag After Work-avtale som gir gode fordeler!<\/p>\n<p>Gi beskjed ved ankomst eller bestill aller helst i forveien.<br \/>\nHVERDAGER FRA KL. 16.00[\/vc_column_text][vc_btn title=&raquo;LES MER&raquo; style=&raquo;outline-custom&raquo; outline_custom_color=&raquo;#666666&#8243; outline_custom_hover_background=&raquo;#666666&#8243; outline_custom_hover_text=&raquo;#ffffff&raquo; shape=&raquo;square&raquo; align=&raquo;center&raquo; link=&raquo;url:https%3A%2F%2Fjonas-b.no%2Fkristiansand%2Fom-jonas-b%23afterwork|title:Gratis%20m%C3%B8terom||&raquo;][\/vc_column][\/vc_row][\/vc_section]<\/p>\n<\/section>","protected":false},"excerpt":{"rendered":"<p>[vc_section css=&raquo;.vc_custom_1561483648914{margin-bottom: 0px !important;}&raquo;][vc_row][vc_column][vc_custom_heading text=&raquo;Bestill bord p\u00e5 \u00c5lg\u00e5rd&raquo; font_container=&raquo;tag:h1|text_align:center&raquo; use_theme_fonts=&raquo;yes&raquo;][\/vc_column][\/vc_row][vc_row gap=&raquo;35&#8243; equal_height=&raquo;yes&raquo; css=&raquo;.vc_custom_1569860783278{margin-right: 0px !important;margin-bottom: 0px !important;margin-left: 0px !important;padding-top: 0px !important;padding-right: 0px !important;padding-bottom: 0px !important;padding-left: 0px<span class=\"excerpt-hellip\"> [\u2026]<\/span><\/p>\n","protected":false},"author":1,"featured_media":0,"parent":0,"menu_order":0,"comment_status":"closed","ping_status":"closed","template":"","meta":{"footnotes":""},"_links":{"self":[{"href":"https:\/\/jonas-b.no\/algard\/wp-json\/wp\/v2\/pages\/108"}],"collection":[{"href":"https:\/\/jonas-b.no\/algard\/wp-json\/wp\/v2\/pages"}],"about":[{"href":"https:\/\/jonas-b.no\/algard\/wp-json\/wp\/v2\/types\/page"}],"author":[{"embeddable":true,"href":"https:\/\/jonas-b.no\/algard\/wp-json\/wp\/v2\/users\/1"}],"replies":[{"embeddable":true,"href":"https:\/\/jonas-b.no\/algard\/wp-json\/wp\/v2\/comments?post=108"}],"version-history":[{"count":22,"href":"https:\/\/jonas-b.no\/algard\/wp-json\/wp\/v2\/pages\/108\/revisions"}],"predecessor-version":[{"id":2315,"href":"https:\/\/jonas-b.no\/algard\/wp-json\/wp\/v2\/pages\/108\/revisions\/2315"}],"wp:attachment":[{"href":"https:\/\/jonas-b.no\/algard\/wp-json\/wp\/v2\/media?parent=108"}],"curies":[{"name":"wp","href":"https:\/\/api.w.org\/{rel}","templated":true}]}}